{"id":39776,"date":"2025-09-10T08:01:09","date_gmt":"2025-09-10T06:01:09","guid":{"rendered":"https:\/\/alja.ch\/?post_type=product&#038;p=39776"},"modified":"2025-09-15T16:55:24","modified_gmt":"2025-09-15T14:55:24","slug":"patrons-burda-veste-3","status":"publish","type":"product","link":"https:\/\/alja.ch\/fr\/produit\/patrons-burda-veste-3\/","title":{"rendered":"Patrons Burda, veste"},"content":{"rendered":"<p data-start=\"214\" data-end=\"374\">Ce <strong data-start=\"221\" data-end=\"250\">patron burda style<\/strong> vous propose<strong data-start=\"262\" data-end=\"295\"> deux mod\u00e8les de vestes<\/strong> tendance qui n\u00e9cessitent une certaine exp\u00e9rience en couture et qui deviendront de v\u00e9ritables pi\u00e8ces phares de votre garde-robe :<\/p>\n<p data-start=\"378\" data-end=\"522\">Variante 1 : <strong data-start=\"402\" data-end=\"428\">veste courte <\/strong>moderne avec <strong data-start=\"433\" data-end=\"462\">manches \u00e9troites<\/strong> et <strong data-start=\"473\" data-end=\"491\">large bordure<\/strong> \u2013 \u00e0 la fois f\u00e9minine et audacieuse.<\/p>\n<p data-start=\"525\" data-end=\"716\">Variante 2 : <b>veste <\/b>d\u00e9contract\u00e9e \u00e0 <strong data-start=\"568\" data-end=\"590\">manches volumineuses,<\/strong> <strong data-start=\"592\" data-end=\"610\">coutures de s\u00e9paration<\/strong> et d\u00e9tails tendance tels que <strong data-start=\"634\" data-end=\"648\">surpiq\u00fbres <\/strong>et <strong data-start=\"653\" data-end=\"670\">boutons en nacre<\/strong> \u2013 un incontournable pour les amatrices de mode.<\/p>\n<p data-start=\"718\" data-end=\"848\">Cousus dans des <strong data-start=\"742\" data-end=\"759\">tissus de haute qualit\u00e9 utilis\u00e9s pour la confection de vestes<\/strong>, ces deux mod\u00e8les offrent un look individuel qui se combine de multiples fa\u00e7ons.<\/p>\n<p data-start=\"852\" data-end=\"900\"><strong data-start=\"852\" data-end=\"862\">Niveau <\/strong>: 3 (pour les couturi\u00e8res avanc\u00e9es)<\/p>\n<p data-start=\"941\" data-end=\"962\"><strong data-start=\"941\" data-end=\"952\">Tailles <\/strong>: 36 \u2013 48<\/p>\n","protected":false},"excerpt":{"rendered":"<p>Deux patrons burda style pour vestes, tailles 36 \u00e0 48, niveau 3. Veste courte ou veste \u00e0 manches volumineuses et surpiq\u00fbres.<\/p>\n","protected":false},"featured_media":39779,"comment_status":"closed","ping_status":"closed","template":"","meta":{"_acf_changed":false},"product_brand":[],"product_cat":[795,711,817],"product_tag":[1732,1733,2833,1651,2836],"class_list":{"0":"post-39776","1":"product","2":"type-product","3":"status-publish","4":"has-post-thumbnail","6":"product_cat-femmes-fr","7":"product_cat-patron-fr","8":"product_cat-vestes-manteaux-fr","9":"product_tag-burda-fr","10":"product_tag-patron","11":"product_tag-patron-moyen-pour-couturieres-experimentees","12":"product_tag-projets-de-couture-fr","13":"product_tag-taille-36-48-fr","14":"product_shipping_class-bon-dachat-et-patron","16":"first","17":"instock","18":"shipping-taxable","19":"purchasable","20":"product-type-simple"},"acf":[],"yoast_head":"<!-- This site is optimized with the Yoast SEO plugin v27.4 - https:\/\/yoast.com\/product\/yoast-seo-wordpress\/ -->\n<title>Patrons Burda, veste &#8212; Alja.ch<\/title>\n<meta name=\"description\" content=\"Patron burda style Veste femme \u2013 2 variantes, tailles 36\u201348, niveau 3. Veste courte ou veste d\u00e9contract\u00e9e avec manches et boutons pression\" \/>\n<meta name=\"robots\" content=\"index, follow, max-snippet:-1, max-image-preview:large, max-video-preview:-1\" \/>\n<link rel=\"canonical\" href=\"https:\/\/alja.ch\/fr\/produit\/patrons-burda-veste-3\/\" \/>\n<meta property=\"og:locale\" content=\"fr_FR\" \/>\n<meta property=\"og:type\" content=\"article\" \/>\n<meta property=\"og:title\" content=\"Patrons Burda, veste &#8212; Alja.ch\" \/>\n<meta property=\"og:description\" content=\"Patron burda style Veste femme \u2013 2 variantes, tailles 36\u201348, niveau 3. Veste courte ou veste d\u00e9contract\u00e9e avec manches et boutons pression\" \/>\n<meta property=\"og:url\" content=\"https:\/\/alja.ch\/fr\/produit\/patrons-burda-veste-3\/\" \/>\n<meta property=\"og:site_name\" content=\"Alja.ch\" \/>\n<meta property=\"article:publisher\" content=\"https:\/\/www.facebook.com\/aljastoffe\/\" \/>\n<meta property=\"article:modified_time\" content=\"2025-09-15T14:55:24+00:00\" \/>\n<meta property=\"og:image\" content=\"https:\/\/alja.ch\/wp-content\/uploads\/5711.4.jpg\" \/>\n\t<meta property=\"og:image:width\" content=\"1465\" \/>\n\t<meta property=\"og:image:height\" content=\"2244\" \/>\n\t<meta property=\"og:image:type\" content=\"image\/jpeg\" \/>\n<meta name=\"twitter:card\" content=\"summary_large_image\" \/>\n<meta name=\"twitter:label1\" content=\"Dur\u00e9e de lecture estim\u00e9e\" \/>\n\t<meta name=\"twitter:data1\" content=\"1 minute\" \/>\n<script type=\"application\/ld+json\" class=\"yoast-schema-graph\">{\"@context\":\"https:\\\/\\\/schema.org\",\"@graph\":[{\"@type\":\"WebPage\",\"@id\":\"https:\\\/\\\/alja.ch\\\/fr\\\/produit\\\/patrons-burda-veste-3\\\/\",\"url\":\"https:\\\/\\\/alja.ch\\\/fr\\\/produit\\\/patrons-burda-veste-3\\\/\",\"name\":\"Patrons Burda, veste &#8212; Alja.ch\",\"isPartOf\":{\"@id\":\"https:\\\/\\\/alja.ch\\\/fr\\\/#website\"},\"primaryImageOfPage\":{\"@id\":\"https:\\\/\\\/alja.ch\\\/fr\\\/produit\\\/patrons-burda-veste-3\\\/#primaryimage\"},\"image\":{\"@id\":\"https:\\\/\\\/alja.ch\\\/fr\\\/produit\\\/patrons-burda-veste-3\\\/#primaryimage\"},\"thumbnailUrl\":\"https:\\\/\\\/alja.ch\\\/wp-content\\\/uploads\\\/5711.4.jpg\",\"datePublished\":\"2025-09-10T06:01:09+00:00\",\"dateModified\":\"2025-09-15T14:55:24+00:00\",\"description\":\"Patron burda style Veste femme \u2013 2 variantes, tailles 36\u201348, niveau 3. Veste courte ou veste d\u00e9contract\u00e9e avec manches et boutons pression\",\"breadcrumb\":{\"@id\":\"https:\\\/\\\/alja.ch\\\/fr\\\/produit\\\/patrons-burda-veste-3\\\/#breadcrumb\"},\"inLanguage\":\"fr-FR\",\"potentialAction\":[{\"@type\":\"ReadAction\",\"target\":[\"https:\\\/\\\/alja.ch\\\/fr\\\/produit\\\/patrons-burda-veste-3\\\/\"]}]},{\"@type\":\"ImageObject\",\"inLanguage\":\"fr-FR\",\"@id\":\"https:\\\/\\\/alja.ch\\\/fr\\\/produit\\\/patrons-burda-veste-3\\\/#primaryimage\",\"url\":\"https:\\\/\\\/alja.ch\\\/wp-content\\\/uploads\\\/5711.4.jpg\",\"contentUrl\":\"https:\\\/\\\/alja.ch\\\/wp-content\\\/uploads\\\/5711.4.jpg\",\"width\":1465,\"height\":2244},{\"@type\":\"BreadcrumbList\",\"@id\":\"https:\\\/\\\/alja.ch\\\/fr\\\/produit\\\/patrons-burda-veste-3\\\/#breadcrumb\",\"itemListElement\":[{\"@type\":\"ListItem\",\"position\":1,\"name\":\"Startseite\",\"item\":\"https:\\\/\\\/alja.ch\\\/fr\\\/\"},{\"@type\":\"ListItem\",\"position\":2,\"name\":\"Boutique\",\"item\":\"https:\\\/\\\/alja.ch\\\/fr\\\/boutique\\\/\"},{\"@type\":\"ListItem\",\"position\":3,\"name\":\"Patrons Burda, veste\"}]},{\"@type\":\"WebSite\",\"@id\":\"https:\\\/\\\/alja.ch\\\/fr\\\/#website\",\"url\":\"https:\\\/\\\/alja.ch\\\/fr\\\/\",\"name\":\"Alja.ch\",\"description\":\"Stoffe &amp; Mercerie online einkaufen!\",\"publisher\":{\"@id\":\"https:\\\/\\\/alja.ch\\\/fr\\\/#organization\"},\"potentialAction\":[{\"@type\":\"SearchAction\",\"target\":{\"@type\":\"EntryPoint\",\"urlTemplate\":\"https:\\\/\\\/alja.ch\\\/fr\\\/?s={search_term_string}\"},\"query-input\":{\"@type\":\"PropertyValueSpecification\",\"valueRequired\":true,\"valueName\":\"search_term_string\"}}],\"inLanguage\":\"fr-FR\"},{\"@type\":\"Organization\",\"@id\":\"https:\\\/\\\/alja.ch\\\/fr\\\/#organization\",\"name\":\"ALJA Nouveau AG\",\"url\":\"https:\\\/\\\/alja.ch\\\/fr\\\/\",\"logo\":{\"@type\":\"ImageObject\",\"inLanguage\":\"fr-FR\",\"@id\":\"https:\\\/\\\/alja.ch\\\/fr\\\/#\\\/schema\\\/logo\\\/image\\\/\",\"url\":\"https:\\\/\\\/alja.ch\\\/wp-content\\\/uploads\\\/kg-logo-alja.png\",\"contentUrl\":\"https:\\\/\\\/alja.ch\\\/wp-content\\\/uploads\\\/kg-logo-alja.png\",\"width\":1000,\"height\":1000,\"caption\":\"ALJA Nouveau AG\"},\"image\":{\"@id\":\"https:\\\/\\\/alja.ch\\\/fr\\\/#\\\/schema\\\/logo\\\/image\\\/\"},\"sameAs\":[\"https:\\\/\\\/www.facebook.com\\\/aljastoffe\\\/\",\"https:\\\/\\\/www.instagram.com\\\/alja_stoffe_mercerie\\\/\",\"https:\\\/\\\/www.youtube.com\\\/channel\\\/UCf6430U9yN-o6rk-Nw4TDqA\"]}]}<\/script>\n<!-- \/ Yoast SEO plugin. -->","yoast_head_json":{"title":"Patrons Burda, veste &#8212; Alja.ch","description":"Patron burda style Veste femme \u2013 2 variantes, tailles 36\u201348, niveau 3. Veste courte ou veste d\u00e9contract\u00e9e avec manches et boutons pression","robots":{"index":"index","follow":"follow","max-snippet":"max-snippet:-1","max-image-preview":"max-image-preview:large","max-video-preview":"max-video-preview:-1"},"canonical":"https:\/\/alja.ch\/fr\/produit\/patrons-burda-veste-3\/","og_locale":"fr_FR","og_type":"article","og_title":"Patrons Burda, veste &#8212; Alja.ch","og_description":"Patron burda style Veste femme \u2013 2 variantes, tailles 36\u201348, niveau 3. Veste courte ou veste d\u00e9contract\u00e9e avec manches et boutons pression","og_url":"https:\/\/alja.ch\/fr\/produit\/patrons-burda-veste-3\/","og_site_name":"Alja.ch","article_publisher":"https:\/\/www.facebook.com\/aljastoffe\/","article_modified_time":"2025-09-15T14:55:24+00:00","og_image":[{"width":1465,"height":2244,"url":"https:\/\/alja.ch\/wp-content\/uploads\/5711.4.jpg","type":"image\/jpeg"}],"twitter_card":"summary_large_image","twitter_misc":{"Dur\u00e9e de lecture estim\u00e9e":"1 minute"},"schema":{"@context":"https:\/\/schema.org","@graph":[{"@type":"WebPage","@id":"https:\/\/alja.ch\/fr\/produit\/patrons-burda-veste-3\/","url":"https:\/\/alja.ch\/fr\/produit\/patrons-burda-veste-3\/","name":"Patrons Burda, veste &#8212; Alja.ch","isPartOf":{"@id":"https:\/\/alja.ch\/fr\/#website"},"primaryImageOfPage":{"@id":"https:\/\/alja.ch\/fr\/produit\/patrons-burda-veste-3\/#primaryimage"},"image":{"@id":"https:\/\/alja.ch\/fr\/produit\/patrons-burda-veste-3\/#primaryimage"},"thumbnailUrl":"https:\/\/alja.ch\/wp-content\/uploads\/5711.4.jpg","datePublished":"2025-09-10T06:01:09+00:00","dateModified":"2025-09-15T14:55:24+00:00","description":"Patron burda style Veste femme \u2013 2 variantes, tailles 36\u201348, niveau 3. Veste courte ou veste d\u00e9contract\u00e9e avec manches et boutons pression","breadcrumb":{"@id":"https:\/\/alja.ch\/fr\/produit\/patrons-burda-veste-3\/#breadcrumb"},"inLanguage":"fr-FR","potentialAction":[{"@type":"ReadAction","target":["https:\/\/alja.ch\/fr\/produit\/patrons-burda-veste-3\/"]}]},{"@type":"ImageObject","inLanguage":"fr-FR","@id":"https:\/\/alja.ch\/fr\/produit\/patrons-burda-veste-3\/#primaryimage","url":"https:\/\/alja.ch\/wp-content\/uploads\/5711.4.jpg","contentUrl":"https:\/\/alja.ch\/wp-content\/uploads\/5711.4.jpg","width":1465,"height":2244},{"@type":"BreadcrumbList","@id":"https:\/\/alja.ch\/fr\/produit\/patrons-burda-veste-3\/#breadcrumb","itemListElement":[{"@type":"ListItem","position":1,"name":"Startseite","item":"https:\/\/alja.ch\/fr\/"},{"@type":"ListItem","position":2,"name":"Boutique","item":"https:\/\/alja.ch\/fr\/boutique\/"},{"@type":"ListItem","position":3,"name":"Patrons Burda, veste"}]},{"@type":"WebSite","@id":"https:\/\/alja.ch\/fr\/#website","url":"https:\/\/alja.ch\/fr\/","name":"Alja.ch","description":"Stoffe &amp; Mercerie online einkaufen!","publisher":{"@id":"https:\/\/alja.ch\/fr\/#organization"},"potentialAction":[{"@type":"SearchAction","target":{"@type":"EntryPoint","urlTemplate":"https:\/\/alja.ch\/fr\/?s={search_term_string}"},"query-input":{"@type":"PropertyValueSpecification","valueRequired":true,"valueName":"search_term_string"}}],"inLanguage":"fr-FR"},{"@type":"Organization","@id":"https:\/\/alja.ch\/fr\/#organization","name":"ALJA Nouveau AG","url":"https:\/\/alja.ch\/fr\/","logo":{"@type":"ImageObject","inLanguage":"fr-FR","@id":"https:\/\/alja.ch\/fr\/#\/schema\/logo\/image\/","url":"https:\/\/alja.ch\/wp-content\/uploads\/kg-logo-alja.png","contentUrl":"https:\/\/alja.ch\/wp-content\/uploads\/kg-logo-alja.png","width":1000,"height":1000,"caption":"ALJA Nouveau AG"},"image":{"@id":"https:\/\/alja.ch\/fr\/#\/schema\/logo\/image\/"},"sameAs":["https:\/\/www.facebook.com\/aljastoffe\/","https:\/\/www.instagram.com\/alja_stoffe_mercerie\/","https:\/\/www.youtube.com\/channel\/UCf6430U9yN-o6rk-Nw4TDqA"]}]}},"_links":{"self":[{"href":"https:\/\/alja.ch\/fr\/wp-json\/wp\/v2\/product\/39776","targetHints":{"allow":["GET"]}}],"collection":[{"href":"https:\/\/alja.ch\/fr\/wp-json\/wp\/v2\/product"}],"about":[{"href":"https:\/\/alja.ch\/fr\/wp-json\/wp\/v2\/types\/product"}],"replies":[{"embeddable":true,"href":"https:\/\/alja.ch\/fr\/wp-json\/wp\/v2\/comments?post=39776"}],"wp:featuredmedia":[{"embeddable":true,"href":"https:\/\/alja.ch\/fr\/wp-json\/wp\/v2\/media\/39779"}],"wp:attachment":[{"href":"https:\/\/alja.ch\/fr\/wp-json\/wp\/v2\/media?parent=39776"}],"wp:term":[{"taxonomy":"product_brand","embeddable":true,"href":"https:\/\/alja.ch\/fr\/wp-json\/wp\/v2\/product_brand?post=39776"},{"taxonomy":"product_cat","embeddable":true,"href":"https:\/\/alja.ch\/fr\/wp-json\/wp\/v2\/product_cat?post=39776"},{"taxonomy":"product_tag","embeddable":true,"href":"https:\/\/alja.ch\/fr\/wp-json\/wp\/v2\/product_tag?post=39776"}],"curies":[{"name":"wp","href":"https:\/\/api.w.org\/{rel}","templated":true}]}}

<p data-start="214" data-end="374">Ce <strong data-start="221" data-end="250">patron burda style</strong> vous propose<strong data-start="262" data-end="295"> deux modèles de vestes</strong> tendance qui nécessitent une certaine expérience en couture et qui deviendront de véritables pièces phares de votre garde-robe :</p>
<p data-start="378" data-end="522">Variante 1 : <strong data-start="402" data-end="428">veste courte </strong>moderne avec <strong data-start="433" data-end="462">manches étroites</strong> et <strong data-start="473" data-end="491">large bordure</strong> – à la fois féminine et audacieuse.</p>
<p data-start="525" data-end="716">Variante 2 : <b>veste </b>décontractée à <strong data-start="568" data-end="590">manches volumineuses,</strong> <strong data-start="592" data-end="610">coutures de séparation</strong> et détails tendance tels que <strong data-start="634" data-end="648">surpiqûres </strong>et <strong data-start="653" data-end="670">boutons en nacre</strong> – un incontournable pour les amatrices de mode.</p>
<p data-start="718" data-end="848">Cousus dans des <strong data-start="742" data-end="759">tissus de haute qualité utilisés pour la confection de vestes</strong>, ces deux modèles offrent un look individuel qui se combine de multiples façons.</p>
<p data-start="852" data-end="900"><strong data-start="852" data-end="862">Niveau </strong>: 3 (pour les couturières avancées)</p>
<p data-start="941" data-end="962"><strong data-start="941" data-end="952">Tailles </strong>: 36 – 48</p>

<p>Deux patrons burda style pour vestes, tailles 36 à 48, niveau 3. Veste courte ou veste à manches volumineuses et surpiqûres.</p>

<!-- This site is optimized with the Yoast SEO plugin v27.4 - https://yoast.com/product/yoast-seo-wordpress/ -->
<title>Patrons Burda, veste &#8212; Alja.ch</title>
<meta name="description" content="Patron burda style Veste femme – 2 variantes, tailles 36–48, niveau 3. Veste courte ou veste décontractée avec manches et boutons pression" />
<meta name="robots" content="index, follow, max-snippet:-1, max-image-preview:large, max-video-preview:-1" />
<link rel="canonical" href="https://alja.ch/fr/produit/patrons-burda-veste-3/" />
<meta property="og:locale" content="fr_FR" />
<meta property="og:type" content="article" />
<meta property="og:title" content="Patrons Burda, veste &#8212; Alja.ch" />
<meta property="og:description" content="Patron burda style Veste femme – 2 variantes, tailles 36–48, niveau 3. Veste courte ou veste décontractée avec manches et boutons pression" />
<meta property="og:url" content="https://alja.ch/fr/produit/patrons-burda-veste-3/" />
<meta property="og:site_name" content="Alja.ch" />
<meta property="article:publisher" content="https://www.facebook.com/aljastoffe/" />
<meta property="article:modified_time" content="2025-09-15T14:55:24+00:00" />
<meta property="og:image" content="https://alja.ch/wp-content/uploads/5711.4.jpg" />
	<meta property="og:image:width" content="1465" />
	<meta property="og:image:height" content="2244" />
	<meta property="og:image:type" content="image/jpeg" />
<meta name="twitter:card" content="summary_large_image" />
<meta name="twitter:label1" content="Durée de lecture estimée" />
	<meta name="twitter:data1" content="1 minute" />
<script type="application/ld+json" class="yoast-schema-graph">{"@context":"https:\/\/schema.org","@graph":[{"@type":"WebPage","@id":"https:\/\/alja.ch\/fr\/produit\/patrons-burda-veste-3\/","url":"https:\/\/alja.ch\/fr\/produit\/patrons-burda-veste-3\/","name":"Patrons Burda, veste &#8212; Alja.ch","isPartOf":{"@id":"https:\/\/alja.ch\/fr\/#website"},"primaryImageOfPage":{"@id":"https:\/\/alja.ch\/fr\/produit\/patrons-burda-veste-3\/#primaryimage"},"image":{"@id":"https:\/\/alja.ch\/fr\/produit\/patrons-burda-veste-3\/#primaryimage"},"thumbnailUrl":"https:\/\/alja.ch\/wp-content\/uploads\/5711.4.jpg","datePublished":"2025-09-10T06:01:09+00:00","dateModified":"2025-09-15T14:55:24+00:00","description":"Patron burda style Veste femme – 2 variantes, tailles 36–48, niveau 3. Veste courte ou veste décontractée avec manches et boutons pression","breadcrumb":{"@id":"https:\/\/alja.ch\/fr\/produit\/patrons-burda-veste-3\/#breadcrumb"},"inLanguage":"fr-FR","potentialAction":[{"@type":"ReadAction","target":["https:\/\/alja.ch\/fr\/produit\/patrons-burda-veste-3\/"]}]},{"@type":"ImageObject","inLanguage":"fr-FR","@id":"https:\/\/alja.ch\/fr\/produit\/patrons-burda-veste-3\/#primaryimage","url":"https:\/\/alja.ch\/wp-content\/uploads\/5711.4.jpg","contentUrl":"https:\/\/alja.ch\/wp-content\/uploads\/5711.4.jpg","width":1465,"height":2244},{"@type":"BreadcrumbList","@id":"https:\/\/alja.ch\/fr\/produit\/patrons-burda-veste-3\/#breadcrumb","itemListElement":[{"@type":"ListItem","position":1,"name":"Startseite","item":"https:\/\/alja.ch\/fr\/"},{"@type":"ListItem","position":2,"name":"Boutique","item":"https:\/\/alja.ch\/fr\/boutique\/"},{"@type":"ListItem","position":3,"name":"Patrons Burda, veste"}]},{"@type":"WebSite","@id":"https:\/\/alja.ch\/fr\/#website","url":"https:\/\/alja.ch\/fr\/","name":"Alja.ch","description":"Stoffe &amp; Mercerie online einkaufen!","publisher":{"@id":"https:\/\/alja.ch\/fr\/#organization"},"potentialAction":[{"@type":"SearchAction","target":{"@type":"EntryPoint","urlTemplate":"https:\/\/alja.ch\/fr\/?s={search_term_string}"},"query-input":{"@type":"PropertyValueSpecification","valueRequired":true,"valueName":"search_term_string"}}],"inLanguage":"fr-FR"},{"@type":"Organization","@id":"https:\/\/alja.ch\/fr\/#organization","name":"ALJA Nouveau AG","url":"https:\/\/alja.ch\/fr\/","logo":{"@type":"ImageObject","inLanguage":"fr-FR","@id":"https:\/\/alja.ch\/fr\/#\/schema\/logo\/image\/","url":"https:\/\/alja.ch\/wp-content\/uploads\/kg-logo-alja.png","contentUrl":"https:\/\/alja.ch\/wp-content\/uploads\/kg-logo-alja.png","width":1000,"height":1000,"caption":"ALJA Nouveau AG"},"image":{"@id":"https:\/\/alja.ch\/fr\/#\/schema\/logo\/image\/"},"sameAs":["https:\/\/www.facebook.com\/aljastoffe\/","https:\/\/www.instagram.com\/alja_stoffe_mercerie\/","https:\/\/www.youtube.com\/channel\/UCf6430U9yN-o6rk-Nw4TDqA"]}]}</script>
<!-- / Yoast SEO plugin. -->

Patron burda style Veste femme – 2 variantes, tailles 36–48, niveau 3. Veste courte ou veste décontractée avec manches et boutons pression
